
Let b = -7 + 10. Suppose 4*f + z = 1, 5*f - z = b*z + 17. Calculate the greatest common factor of f and 11.
1
Let r = -17 - -32. Let x = 71 + -71. Suppose r = 3*l - x*l. Calculate the highest common divisor of 15 and l.
5
Let s be (2/(-1) - -5) + 1. Suppose 0 = 3*y - s*y. Suppose 0 = -v + 4*f - 6, y*v + 3*f + 4 = 5*v. What is the greatest common divisor of v and 3?
1
Let w be 0 - 4 - (-96)/2. What is the greatest common divisor of w and 110?
22
Let j(a) = -a**3 + a. Let y be j(0). Suppose 3*s - 66 = -y*s. Calculate the greatest common factor of s and 22.
22
Let h = 3 + -3. Suppose -n + l + h*l + 23 = 0, 0 = n - 4*l - 14. Suppose n = 2*o + 4*w, -5*w + 29 = -o + 3*o. Calculate the greatest common divisor of 49 and o.
7
Let t be (-451)/(-66) + 1/6. Calculate the highest common factor of t and 21.
7
Let m(w) = -9*w - 42. Let l be m(-7). Calculate the highest common divisor of 3 and l.
3
Let i = 4 + -2. Suppose -2*b + 1 + 3 = 0. What is the highest common divisor of i and b?
2
Suppose 0 = v - 36. What is the highest common factor of 27 and v?
9
Suppose 0 = -6*s + s + 3*p + 152, -2*s - 4*p + 66 = 0. Suppose 7 - s = -2*z. Let t be (24/28)/((-2)/(-14)). What is the greatest common factor of t and z?
6
Let z be 255/6 - 1/2. Suppose -4*c + g + z = -g, 2*c - 3*g - 19 = 0. Let x(m) = -34*m - 1. Let b be x(-1). What is the highest common factor of c and b?
11
Suppose m - 42 = -m. Let s = -10 + 31. Calculate the greatest common factor of s and m.
21
Let x(w) = -w**3 - 15*w**2 - 13*w + 41. Let a be x(-14). Calculate the greatest common factor of a and 36.
9
Let y = -5 + 9. Suppose y*o + 3*l - 5 = 16, -4*l = 5*o - 27. Suppose -2*z + o = -123. Calculate the highest common factor of z and 9.
9
Suppose 2*x = -6*x + 248. What is the highest common factor of 62 and x?
31
Let g(r) = 7*r**2 - r + 2. Let m be g(2). Let k be (1/4)/(1/8). Suppose -k*i + 4 = -24. Calculate the highest common divisor of m and i.
14
Let k be 0 - (-68)/2 - -2. Let i(h) = -h**2 + 12*h - 20. Let w be i(8). What is the greatest common divisor of k and w?
12
Suppose -6 = 5*b - 2*l, 5*l + 12 = -b - 0*b. Let d be 0/3 - b*8. Let c be 47/3 - (-2)/6. What is the greatest common factor of d and c?
16
Suppose -3*p = p + 3*w + 67, -91 = 4*p - 5*w. Let d = 23 + p. What is the greatest common divisor of d and 44?
4
Let v = 13 - 6. Let z(k) = k - 7. Let j be z(14). What is the highest common factor of v and j?
7
Suppose -7*r = -9 - 5. Let i(g) = -15*g + 1. Let t be i(-1). Calculate the greatest common divisor of r and t.
2
Let z(g) = g**3 + 11*g**2 - g - 10. Let a be z(-11). Calculate the highest common factor of 4 and a.
1
Let n be (-3 - 0/(-1)) + -15. Let l = n + 34. What is the greatest common divisor of l and 80?
16
Suppose -14*s + 757 = 211. What is the highest common divisor of 52 and s?
13
Let r = -1 - 14. Let h be (-6)/9*r/2. Suppose 0 = h*p - 0*p - 65. Calculate the greatest common factor of p and 91.
13
Suppose 165 = -15*n + 30*n. Let s = 100 - 67. What is the greatest common factor of s and n?
11
Let z(p) = -14*p + 2. Let a be z(-2). Calculate the greatest common divisor of 45 and a.
15
Suppose y - 2*y - 2*b + 14 = 0, y - 3*b - 39 = 0. Calculate the highest common divisor of y and 60.
12
Let a(b) = 4*b + 2. Let t be a(3). What is the highest common divisor of t and 21?
7
Let l be (-3)/(-1 + 47/44). Let h = -31 - l. What is the greatest common divisor of h and 39?
13
Suppose 2*m = -3*o + 85, 2*m - 77 = -3*o + 4*m. Let w(a) = 4*a**2 - 3*a + 2. Let q be w(1). What is the highest common divisor of o and q?
3
Let w(p) = 18*p**2 + p - 1. Let m be w(1). Suppose 0 = 4*i + 32 - 680. What is the highest common factor of m and i?
18
Let n = 50 + -29. Calculate the highest common divisor of n and 21.
21
Let c(z) = -3*z - 3. Let k be c(-6). Let r(v) = v**3 - 4*v**2 + 4*v + 1. Let o be r(3). Suppose 13 + 47 = o*p. Calculate the highest common factor of p and k.
15
Let a = 38 + -25. Let m be (-117)/6*(-140)/30. Calculate the greatest common divisor of m and a.
13
Let t be 6/(0 - 8/(-12)). Calculate the greatest common factor of t and 72.
9
Suppose 1 = -z + 15. Suppose 0 = 4*l + l - 70. What is the greatest common factor of z and l?
14
Suppose 251 = 2*g - 2*b + 59, b + 492 = 5*g. Let y(v) = 3*v + 2. Let f be y(3). What is the greatest common factor of g and f?
11
Suppose -d + 19 = d - 3*r, -3*d + 16 = -2*r. Let m = d - 2. Suppose -3*p + 6 = m, p = -5*f + 4*p - 1. Calculate the highest common factor of 1 and f.
1
Suppose 5 = -2*w + 5*i, 8*w + 4*i = 4*w - 52. Let z = 23 + w. Let b = 119 + -67. What is the highest common divisor of z and b?
13
Suppose -10 = -2*g - 0. Calculate the greatest common divisor of g and 20.
5
Let s = 215 + -125. Let v be 30 + -15 - (-5)/(-1). Calculate the highest common divisor of s and v.
10
Let a = 51 - -68. Calculate the greatest common divisor of a and 7.
7
Suppose 3*a = -2*p - 10, 2*a + 10 = -2*p - 2*a. Let t be 5/(p/(-8)) + 2. What is the highest common divisor of 90 and t?
10
Suppose t - 3*t + 6 = 0. Suppose t*n + 0 - 3 = 0. What is the greatest common divisor of n and 1?
1
Let q be (378/(-90))/((-2)/30). What is the highest common factor of q and 9?
9
Let v = -1 + 4. Suppose -v*b - 32 = -74. What is the greatest common divisor of 7 and b?
7
Suppose 6*p - 2*p = 40. What is the highest common divisor of p and 10?
10
Let m(z) = 3*z + 1. Suppose 5*l - 2 - 3 = 0. Let h be m(l). Calculate the highest common divisor of 44 and h.
4
Suppose -5*k = -3*f - 201, 0*f = -3*k - 4*f + 138. What is the highest common factor of k and 21?
21
Let l = 84 + -42. What is the greatest common factor of l and 14?
14
Let h = -332 + 474. Let u be 1*3/2*-2. Let v be u/(-9) - h/(-6). Calculate the highest common divisor of v and 36.
12
Suppose -3*f = m - 6, -4*m + 45 = -0*f + 5*f. What is the greatest common divisor of m and 240?
15
Suppose 0 = -3*j - 3*k + 546, -4*j + k = -440 - 288. Calculate the greatest common factor of 28 and j.
14
Suppose 0 = 5*r - 4*x - 124, r + x - 2*x - 24 = 0. What is the highest common divisor of r and 168?
28
Let c be 1/((-2)/8)*1. Let o(f) = -f**3 - 3*f**2 + 5*f. Let i be o(c). Let g = i + 20. What is the highest common divisor of g and 64?
16
Let b = 10 - 8. Let p be b - (-3 + 8) - -14. Calculate the greatest common factor of p and 77.
11
Let f(y) = -y**3 + 3*y**2 - 4. Let h be f(3). Let o be 2190/40 - (-3)/h. Calculate the highest common factor of o and 18.
18
Suppose 17*j = 12*j + 10. Calculate the highest common factor of j and 10.
2
Let l be (-2)/7 - (-186)/14. Let i be (-2)/(-10) + 756/(-30). Let y = i - -168. Calculate the greatest common divisor of l and y.
13
Suppose -2*d + 30 = d. Let g = -13 - -14. What is the highest common divisor of g and d?
1
Suppose 3*n + 2*n = c + 855, 15 = -3*c. Let f be (-3 + 0)*n/(-6). Calculate the greatest common factor of f and 34.
17
Let z be (-1)/((-30)/484) + 24/(-180). What is the highest common divisor of 80 and z?
16
Let s be 1/2 + 12/8. Suppose -3*z = -2*w - 94, -6*w - 98 = -3*z - s*w. Suppose 0 = -6*l + 5*l + 15. Calculate the highest common factor of l and z.
15
Let x be ((-4)/10 + 4)*55. Calculate the greatest common factor of 22 and x.
22
Let f be (1 - 1/1) + 1. Suppose h - 11 = f. What is the greatest common factor of h and 3?
3
Suppose 9 = 3*x - 27. Let y = x + 32. Calculate the greatest common divisor of y and 110.
22
Let n be ((-4)/(-20))/(((-1)/1)/(-5)). What is the greatest common divisor of 1 and n?
1
Let r(y) = y**3 - 3*y**2 - 2*y + 4. Let u be r(4). Calculate the highest common divisor of 3 and u.
3
Let w = 159 - 135. Calculate the highest common factor of 120 and w.
24
Suppose a - 2*l = 37 + 18, 3*l = 3*a - 177. Calculate the greatest common divisor of a and 14.
7
Let p be -18*3*(-2)/12. Let g(a) = a + 5. Let r be g(4). What is the highest common factor of p and r?
9
Suppose -k = k - 32. Calculate the highest common factor of 144 and k.
16
Let f(x) = -4*x - 1. Let i be f(-1). Let z be (-4)/(-12) + 29/i. Let a be 8 - (2 + -3 + -1). What is the greatest common divisor of a and z?
10
Suppose -2*f - 3*f = -15, 0 = -2*y - 4*f + 18. Calculate the highest common factor of 3 and y.
3
Suppose 0 = 4*f - 8*f + 12. Suppose f*g = -g + 192. Calculate the greatest common divisor of g and 6.
6
Let g be (11/4)/((-5)/(-80)). Cal